g - 0*g, 2*g + 3*i - 13 = 0. Suppose 5*t + g = 57. Calculate the remainder when t is divided by 5.
1
Suppose -r = -2*w - 0*w + 9, -3*w + 6 = -4*r. Suppose 2*m = w*m - 12. Suppose -t - t = 10, m*l - 3*t - 60 = 0. Calculate the remainder when l is divided by 4.
3
Suppose -2*c = 2*q - 48, 0 = -37*c + 41*c + 5*q - 92. Calculate the remainder when 44 is divided by c.
16
Let f = 178 + -76. Suppose 2*c - f = -c. Calculate the remainder when c is divided by 18.
16
What is the remainder when 163 is divided by 81/2 - 7/(-14)?
40
Let n = -859 - -882. Calculate the remainder when 71 is divided by n.
2
Let h(g) = 2*g**2 + 74*g + 77. What is the remainder when h(-37) is divided by 10?
7
Suppose -88 = -j - 82. Let k = -8 + 13. Calculate the remainder when j is divided by k.
1
Suppose 4*v + h = 122, 4*v - 7*v + 4*h + 82 = 0. Suppose 2*x - 17 = 15. Suppose -x*k + v = -13*k. What is the remainder when k is divided by 4?
2
Let i be ((-5)/(-10))/(2/4). Let g = 3 + i. Suppose -g = -c - 1. What is the remainder when 8 is divided by c?
2
Let t(w) = w**3 - 19*w**2 + 62*w + 3. Calculate the remainder when t(15) is divided by 23.
10
Let x(z) = 2*z**2 + z - 2. Let q be x(-2). Suppose 0 = u + 3*r - 0*r - 19, -q*u + 44 = 4*r. What is the remainder when 53 is divided by 8/(-28) + 100/u?
11
Let r(b) = -3*b**2 + 10. Calculate the remainder when 2/5 + (-534)/(-15) is divided by r(0).
6
Let y(d) = -d**2 - 9*d - 2. Let c be y(-8). Let s(v) = -v**2 + 8*v. Calculate the remainder when 47 is divided by s(c).
11
Suppose -3*i - 202 + 1636 = 0. Suppose 0 = -9*c + 10*c + i. What is the remainder when (-5)/(-30) + c/(-12) is divided by 11?
7
Let a(h) = h**3 - 11*h**2 - 10*h + 5. Let j be a(12). Suppose -2*m + n + 14 = -0*m, m + 5*n = j. What is the remainder when 228/14 - 2/7 is divided by m?
7
Let s be (-9)/15 + (-143)/(-55). Suppose 3*w - s*w - 40 = 0. Calculate the remainder when w is divided by 14.
12
Let o = -14 - -21. Let l(f) = f**3 - f + 18. Let d(c) = c**3 - c**2 - 3*c + 2. Let z be d(2). Calculate the remainder when l(z) is divided by o.
4
Suppose -16*n = 32*n - 6672. Calculate the remainder when n is divided by 20.
19
Let d = 411 + -379. Calculate the remainder when d is divided by 31.
1
Let i(j) = -j**2 + 24*j + 7. Let n be 0/(-1) - 0 - -2. Calculate the remainder when (-1)/(n + (-63)/30) is divided by i(24).
3
Let q = -7 + 8. Calculate the remainder when 10/10*-1*q - -6 is divided by 3.
2
Calculate the remainder when (-4 - (-1594)/4)*2 is divided by 18.
15
Let a(p) = 2*p**2 - 26*p + 18. What is the remainder when 32 is divided by a(13)?
14
Let t(n) = 6*n - 5. Let g be t(-4). Let c = -19 - g. Let v(r) = r**3 - 10*r**2 + r - 7. What is the remainder when 6 is divided by v(c)?
0
Let p(a) = 27*a + 108. Calculate the remainder when 566 is divided by p(-3).
26
Let x = 19 - 11. Suppose 0*r + 3*l = 2*r - 84, 35 = r + 2*l. What is the remainder when r is divided by x?
7
Let v = -165 + 71. Let f = -71 - v. Suppose 2 = t - 11. What is the remainder when f is divided by t?
10
Suppose 0 = -0*q - q + 38. Let w = 3 + 3. Calculate the remainder when q is divided by 66/w - (1 - 0).
8
Let n(p) = -p + 8. Let j be n(5). Suppose -4*c - 88 = -4*q, 4*c + c = -j*q + 98. What is the remainder when q is divided by 9?
8
Let j(v) = 3*v - 11. Let q be (-3)/(-2)*(28/12 + 3). What is the remainder when 48 is divided by j(q)?
9
Let b = -462 - -264. Let k = -190 - b. Suppose 34 = 3*m + y - 72, -2*y - 47 = -m. Calculate the remainder when m is divided by k.
5
Let f = 125 + -116. Let d = 11 + -5. Let c = 22 - d. Calculate the remainder when c is divided by f.
7
Let t = -17 - -35. Suppose 6 = l - t. Suppose -5*b + 45 = -0*b. Calculate the remainder when l is divided by b.
6
Calculate the remainder when 129 is divided by (-2)/8 - 2/(40/(-925)).
37
Let u = 1276 - 844. Calculate the remainder when u is divided by 144.
0
Let i = 539 - 537. Calculate the remainder when 8 is divided by i.
0
Suppose 17 = p - 21. Let l = 47 - p. Let r = 3 + 13. Calculate the remainder when r is divided by l.
7
What is the remainder when 106 is divided by (39/2 + -3)*(-4)/(-3)?
18
Suppose -4*j = x + 4*x + 5, 20 = -j - 5*x. Suppose -l + 2 = j*t - 13, l - 7 = -t. Calculate the remainder when 9 is divided by t.
1
Let j(v) = v**3 + 31*v**2 + 32*v + 63. Calculate the remainder when 23 is divided by j(-30).
2
Let n = 115 - 94. Suppose n*i + 23 = 149. What is the remainder when 77 is divided by i?
5
Suppose -5*f + 392*w + 249 = 388*w, -12 = -3*w. What is the remainder when 323 is divided by f?
5
Suppose -s + 5*s + 5*k = 405, -s + 99 = 2*k. Suppose 3*z + 6*t = 2*t - s, 3*t + 9 = 0. Let x = z - -83. What is the remainder when x is divided by 14?
10
Let b = 3590 - 2866. Calculate the remainder when b is divided by 33.
31
Suppose -11*t + 9*t = -170. What is the remainder when t is divided by 43?
42
Let l(r) = 3*r + 27. Let x be l(-9). Suppose 3*p - 4*c - 30 = x, 2 + 8 = p - 5*c. Calculate the remainder when p is divided by 4.
2
Suppose -6*r + r + 25 = 0. Suppose 2*g + 25 = -5*u, 0 = -2*g - 0*u - u - r. Calculate the remainder when 59 is divided by (11 - 12)*(g + -15).
14
Let h(j) = j**2 - 9*j + 13. Let f be h(11). Let i = f - 3. Calculate the remainder when 126 is divided by i.
30
What is the remainder when 394 is divided by -5 + (-3)/9*-2*93?
52
Let n(t) = -t**2 - 6*t + 4. Let y be n(-7). Let p(a) = -9*a + 2. Suppose 3*s - 8*s + 420 = 0. What is the remainder when s is divided by p(y)?
26
Suppose -g + 0 = p - 4, 4*p - 4*g = 0. Suppose p*y = 4*t + 4*y - 282, 2*y - 2 = 0. Calculate the remainder when t is divided by 19.
13
Let m = 1180 - 1073. Calculate the remainder when 740 is divided by m.
98
Let f(v) = -8*v + 1. Let k(t) = 3*t + 22. Let b be k(-8). Let d = b - -5. What is the remainder when f(-2) is divided by d?
2
Suppose 0 = 5*x + 2*h - 5491, -26*x + 23*x = -3*h - 3303. Calculate the remainder when x is divided by 58.
55
Let y(k) = 7*k + 13. Let u(f) = f - 1. Let x(l) = -4*u(l) + y(l). What is the remainder when x(12) is divided by 11?
9
Suppose 0 = 3*b + 4*x - 96, -4*b - 3*x = b - 149. Calculate the remainder when b is divided by 15.
13
Calculate the remainder when 125 is divided by 33 - -1*((-28)/(-4) - 7).
26
Suppose 2*m + 0*m - 10 = n, 0 = 5*n + 3*m - 15. Suppose 556 = -5*z + j + 2*j, n = z - 4*j + 118. What is the remainder when z/(-7) + 6/21 is divided by 6?
4
Let w(s) = s - 5. Let c be w(5). What is the remainder when (c - 2)/((-6)/747) is divided by 21?
18
Let a = -367 - -428. Calculate the remainder when a is divided by 27.
7
Let b = -21 + 39. What is the remainder when 59 is divided by b?
5
Suppose -5*q = -3*p + 352, 3*p = -5*q + 242 + 150. Calculate the remainder when 249 is divided by p.
1
Let l = 40 + -15. Suppose -3*h = -5*d - 536, -668 = -6*h + 2*h - 5*d. What is the remainder when h is divided by l?
22
Suppose -2*b + 10 = -36. Let o = b - -10. Calculate the remainder when 65 is divided by o.
32
Suppose 3*b - 57 = 6*b. Let k = b - -27. Let x = -12 - -27. Calculate the remainder when x is divided by k.
7
Let k(g) = -g**2 + 17*g + 12. Calculate the remainder when 326 is divided by k(10).
80
Let c(n) = n**3 - n**2 - n. Let a(t) = -5*t**3 + 17*t**2 - 5*t - 11. Let l(z) = a(z) + 4*c(z). What is the remainder when 45 is divided by l(12)?
20
Let q(l) be the first derivative of -l**3 - 13*l**2 + 12*l + 26. Calculate the remainder when 8 is divided by q(-9).
2
Suppose 0 = -5*f - 3*o + 93 + 54, 0 = -2*f + 5*o + 34. Calculate the remainder when f is divided by ((-18)/8)/((-252)/1680).
12
Let o = -1573 + 1813. What is the remainder when o is divided by 24?
0
Let m be 78/8*(-16)/(-6). Let x(u) = u**2 + 16*u - 17. Let k be x(1). Let d = m - k. What is the remainder when d is divided by 7?
5
Let v = -327 - -388. Calculate the remainder when v is divided by 6.
1
Let t = 11 - -4. Suppose t = l + 12. Let m(x) = 9*x**2 - x - 1. What is the remainder when m(-1) is divided by l?
0
Suppose 0 = 2*n - 6 - 2, -2*n + 540 = 4*l. Suppose -3*m = -4*z + 35 + 64, 5*z = 3*m + 126. Calculate the remainder when l is divided by z.
25
Suppose 4*z + 2*t - 158 = 0, -2*z + z - 2*t = -35. Suppose -14 = -q + 1. Let g = 36 - q. What is the remainder when z is divided by g?
20
Let n = -33 + 109. Suppose -3*i + 63 - 6 = b, -n = -4*i - b. What is the remainder whe